+ 422 - 0/(3*2/(-3)) is divided by 37.
31
Let m(r) = -12*r - 2. Suppose 0 = -2*a - 4*g - 12, 5*a - 4*g + 4 = -g. What is the remainder when 36 is divided by m(a)?
14
Suppose -75*v - 230 = -80*v + x, 4*v = -3*x + 165. What is the remainder when 11069 is divided by v?
44
Let i(n) = 5*n**2 + 3*n - 6. Calculate the remainder when i(4) is divided by -39 + 696/24 - (-28)/1.
14
Let o(n) = -n + 90. Let v be o(14). Suppose -6*h + v = -8. Calculate the remainder when 223 is divided by h.
13
Suppose 101*z - 107*z + 24 = 0. What is the remainder when 188 is divided by z?
0
Let y(j) = -13*j - 78. Calculate the remainder when 811 is divided by y(-15).
109
Suppose 2*y + 2*x = 40, 5*x + 170 = -103*y + 108*y. Calculate the remainder when 1941 is divided by y.
24
Let c(v) = v**2 + v - 9. What is the remainder when (15*((-740)/(-3))/20)/1 is divided by c(-8)?
44
Let i be -333*((-16)/8 - -3). Let j = i - -349. What is the remainder when j is divided by 5*1 - (-3 + 1)?
2
Let o(k) = -k**3 + 39*k**2 + 1185*k - 160. What is the remainder when o(59) is divided by 34?
33
Let w = 85 + -70. What is the remainder when w is divided by (40/380)/((-4)/(-152))?
3
Let l = 212 - 210. Suppose l - 62 = -5*w. Calculate the remainder when 44 is divided by w.
8
Let g be 1/2*(102 - -4). Suppose -10*c - 3 = -g. Suppose c*w - 4 = 4*w. What is the remainder when 18 is divided by w?
2
Suppose 38 = -2*a + 26. Let w be 3 + (9/a)/(2/4). Suppose -2*o - o - x = -112, 2*o - 2*x - 88 = w. Calculate the remainder when o is divided by 21.
18
Suppose -4*g = -3*m + 6*m - 314, m - 102 = -2*g. What is the remainder when 13508/m + (-2)/(-10) is divided by 26?
19
Let f(g) = g**2 + g - 6. Let x be f(-3). Suppose -10*r + 9*r + 26 = x. Suppose 6*j + r = 62. Calculate the remainder when 25 is divided by j.
1
Suppose -5*l + 2097 + 1788 = 0. Let g(x) = x**2 + 170*x + 5645. What is the remainder when l is divided by g(-45)?
17
Let v(h) = -2*h**3 - 163*h**2 - 236*h + 331. What is the remainder when 9720 is divided by v(-80)?
7
Let b = -22837 - -27526. What is the remainder when b is divided by 102?
99
Suppose 0 = -2*d + d - 2*c + 5, -17 = -5*d - 2*c. Suppose -2*b + d*b = 9. What is the remainder when ((-158970)/(-345))/14 - (-2)/46*2 is divided by b?
6
Suppose 2*s = 5*b - 1279, -4*b - 176*s + 1043 = -171*s. Calculate the remainder when 378 is divided by b.
121
Suppose -553*x + 106756 = -118937 - 374865. Calculate the remainder when x is divided by 537.
12
Suppose -r + 12*s - 14*s + 234 = 0, 0 = -3*r + s + 709. Calculate the remainder when 733 is divided by r.
25
Suppose 91*o = 68*o + 2967. What is the remainder when o is divided by 25?
4
Suppose 4*i - 676 = -x + 561, -5*x + 932 = 3*i. What is the remainder when i is divided by 33?
12
Let o = -30998 - -31164. Calculate the remainder when 438 is divided by o.
106
Suppose -3705 = -4*w - 3*t - 1123, -6*t = -60. What is the remainder when w is divided by -5*(-2)/5*16?
30
Let f be (5/3)/((-66)/6534). Let z = f + 178. Calculate the remainder when 114 is divided by z.
10
Let z(g) = -2*g**3 + 74*g**2 + 156*g + 23. Calculate the remainder when 2315 is divided by z(39).
15
Suppose -a + 65 = -49. Let i = 167 - a. Suppose -g = -2*g + 14. Calculate the remainder when i is divided by g.
11
Let f(i) be the first derivative of 4*i**2 - 214*i - 108. What is the remainder when f(34) is divided by 10?
8
Calculate the remainder when 626 is divided by 2765/21*(-27)/(-45).
73
Suppose 10*i - 13*i + 9 = -v, 15 = -5*v. Suppose 2*a + 15 = 7*a, -i*y + 169 = -3*a. What is the remainder when 266 is divided by y?
88
Suppose 0 = -38*k + k + 14208. What is the remainder when 29 is divided by ((-30)/(-9) - 3)/(8/k)?
13
Calculate the remainder when 108 is divided by 26 + (-72)/9 - -3.
3
Let q(y) = -y**2 - 2*y + 3. Let f be q(-5). Let o be 1*(429/(-10) + (-46)/460). Let t = f - o. What is the remainder when t is divided by 11?
9
Let s = 8793 - 8739. Calculate the remainder when 322 is divided by s.
52
Let p(n) = 3*n**3 + 11*n**2 - 29*n + 52. What is the remainder when p(6) is divided by 33?
31
Calculate the remainder when 399 is divided by -2*(-5)/12*30.
24
Suppose 4*q - 2 - 6 = 0. Suppose 0 = q*m - m - 12. Calculate the remainder when (0 - -81 - 36) + -11 is divided by m.
10
Let q = -108 - -107. Calculate the remainder when q/4 - (-5 - (-963)/(-12)) is divided by 44.
41
Let d = -1556 + 1625. Calculate the remainder when d is divided by 35.
34
Let g = -10507 - -10561. Calculate the remainder when 6369 is divided by g.
51
Suppose 5*t - s - 77 = -0*s, -4*t + 3*s + 55 = 0. Calculate the remainder when (-1)/(1078/5565 - (-1)/(-5)) is divided by t.
15
Suppose 5*t = 2*t + 198. Suppose l - 1503 + 1495 = -2*z, -3*z - 72 = -2*l. What is the remainder when l is divided by (1/(-2))/((-3)/t)?
2
Let a(s) = 2*s**3 + 16*s**2 - 4*s - 13. Let t = 56 - 43. Suppose 0 = 5*j + 53 - t. What is the remainder when 72 is divided by a(j)?
15
Let h(k) = 2*k**3 + 103*k**2 - 170*k + 118. Calculate the remainder when h(-53) is divided by 94.
43
Let j(b) = b + 6. Let f be j(6). Let w = -30 + 45. What is the remainder when w is divided by (-20)/1*f/(-30)?
7
Suppose -4 = -2*x, -5*g + 13*x = 16*x - 386. What is the remainder when 325 is divided by g?
21
Suppose -2*m + 99 - 10 = -5*y, -m - 5*y + 37 = 0. Suppose 38*z + 3*s = m*z - 4266, 0 = -s + 2. Calculate the remainder when z is divided by 21.
18
Let f be 18/(-14) - 0 - 14/(-49). Calculate the remainder when 18 is divided by f/((0 - 1)/(13 - 2)).
7
Let f = -124 - -126. Suppose -4*j + 2*j - f*x = -22, -4*j = -2*x - 38. Calculate the remainder when 18 is divided by j.
8
Suppose -14*p = -18*p - 324. Let a = -117 - p. Let v = 78 + a. What is the remainder when v is divided by 9?
6
Suppose -9*g = -10*g - 4*v + 91, -4*v = 3*g - 233. Calculate the remainder when 189 is divided by g.
47
Let w = 4353 - 4177. What is the remainder when w is divided by 42?
8
Calculate the remainder when 611 is divided by ((-50)/6 - -3)/(7191/(-1026) + 7).
3
Suppose -7 - 1 = 2*h. Let b(a) = 4*a**2 - 10. What is the remainder when b(5) is divided by (1/(-4))/(h/208)?
12
Let m = 30000 + -29988. Suppose 0 = -3*d - 0*d + 156. What is the remainder when d is divided by m?
4
Suppose 2*u = v + 51, 2*u - 5*v - 52 = 11. Suppose 5*m + 8*q - 180 = 9*q, 170 = 5*m - 3*q. Calculate the remainder when m is divided by u.
13
Suppose -2*k = -5*n + 2*k + 20, 5*k + 25 = 0. Suppose -4*s + 3*s + 18 = n. Suppose 6*f - 109 + 37 = 0. Calculate the remainder when s is divided by f.
6
Let h(g) = -10*g + 21. What is the remainder when 667 is divided by h(1)?
7
Suppose 0 = o - 8, 64*o - 60*o - 6682 = -5*i. Calculate the remainder when i is divided by 43.
40
Let h(j) = 2*j**2 + 7*j + 18. Suppose 2*n - 4 = -0. Let t be (n + -1)*8*1/(-2). What is the remainder when h(t) is divided by 9?
4
Let a(y) = 82*y - 55. Let c be a(-3). Calculate the remainder when (-2)/2 - (c - -2)/13 is divided by 2.
0
Suppose -45 = -5*x - 35. Suppose 2*f - c = -2*f + 58, 0 = 5*f - 4*c - 78. Calculate the remainder when x/1 + (-321 - 1)/(-7) is divided by f.
6
Suppose 0 = 38*w - 42*w + 108. Let h = 186 + w. What is the remainder when h is divided by 34 + -1*9*7/21?
27
Let y(q) = 5*q - 16. Let h be y(3). Let f(i) = -i**2 - 12*i - 14. Let a(p) = 1. Let g(c) = h*f(c) - 6*a(c). What is the remainder when 141 is divided by g(-14)?
33
Let y = -6051 + 6266. Suppose -5*m - 47 + 397 = 0. Calculate the remainder when y is divided by m.
5
Let f(z) = 2*z**3 - 3*z**2 - z + 5. Let n be f(-2). Let p be (-1)/(4 - (-85)/n). What is the remainder when 2/p*-3 + (-741)/(-21) is divided by 10?
5
Suppose 0 = -4*u + 5*n + 555, -14*n + 2 = -12*n. Calculate the remainder when 2796 is divided by u.
136
Let h(l) be the first derivative of -2*l**3/3 + 15*l**2/2 + 8*l + 11. Let u be h(8). Suppose u = -3*k - 3 + 12. Calculate the remainder when 8 is divided by k.
2
Suppose -5*p - v + 297 = 3*v, -5*p + 299 = 3*v. Calculate the remainder when 1334 is divided by p.
53
Let f = -77 + 78. Let r be -10*f/3*3. Calculate the remainder when 15 is divided by r*(-5 + -1)/12.
0
Let b(y) = -284*y + 1019. What is the remainder when b(2) is divided by 79?
56
Let z(t) = t**2 - 192*t - 4698. Suppose -3*c + 235 = 5*g - 3*g, g + 295 = 4*c. Calculate the remainder when c is divided by z(-22).
5
Let q(d) = 3*